01000 (base 2) to base 12
32008
Convert 201e7 (base 16) to base 12.
64173
Convert -145518 (base 10) to base 14.
-3b062
What is -102322332232 (base 4) in base 7?
-60106102
-10332133 (base 4) to base 13
-937c
2080 (base 9) to base 10
1530
-516aa1 (base 13) to base 10
-1900029
What is -11310424024 (base 5) in base 11?
-7368370
Convert 1130455224 (base 6) to base 15.
1198e67
-42124200 (base 5) to base 16
-55203
Convert 2022213320 (base 4) to base 16.
8a9f8
Convert -3132315 (base 6) to base 11.
-a4379
What is 16001222 (base 8) in base 13?
9b69c7
-1304a9 (base 14) to base 3
-1020020010102
What is 455550 (base 10) in base 5?
104034200
What is -102122122200 (base 3) in base 15?
-47e73
-397922 (base 10) to base 13
-10c175
Convert -1a806a0 (base 11) to base 7.
-41515120
-101112101001 (base 3) to base 16
-329cb
-3374028 (base 9) to base 10
-1820339
-97276a (base 14) to base 9
-10557187
What is -202112100221111 (base 3) in base 14?
-1640783
46762671 (base 8) to base 5
10103420024
213002103 (base 5) to base 14
198520
1110121111101 (base 3) to base 12
31723a
What is 10068c0 (base 14) in base 9?
15173483
-316265 (base 9) to base 5
-22011203
What is -178fc (base 16) in base 5?
-11042013
Convert -122201110021 (base 3) to base 10.
-348793
Convert 3bb8e (base 16) to base 8.
735616
What is -bb8d5 (base 15) in base 11?
-377869
Convert -31450 (base 12) to base 4.
-33300330
Convert 23610e (base 15) to base 10.
1691114
-121323020331 (base 4) to base 3
-110210021010200
-264b5 (base 13) to base 12
-351b4
-145235 (base 10) to base 7
-1143266
Convert -1903242 (base 12) to base 10.
-5230994
-15303757 (base 9) to base 11
-4335129
-10111000011100011011110 (base 2) to base 13
-1337c71
What is c0c77a (base 15) in base 11?
5193066
-d2a801 (base 14) to base 16
-6c4cd1
Convert -7473418 (base 9) to base 10.
-4004738
1123d2a (base 14) to base 8
37067602
What is 2436 (base 14) in base 16?
18b0
What is 9f4ac (base 16) in base 11?
406226
-4130442 (base 7) to base 6
-14334520
Convert -6c879 (base 14) to base 10.
-265099
What is -110100100 (base 3) in base 4?
-2030220
What is -1232133013 (base 4) in base 15?
-8e151
Convert 15106a (base 15) to base 6.
33435331
-1240144 (base 6) to base 3
-10102112101
-11100010000001011011 (base 2) to base 6
-31502015
What is -6792 (base 10) in base 7?
-25542
Convert 240321303 (base 5) to base 13.
2c89c7
Convert 141ba0 (base 13) to base 9.
825686
Convert -1604100 (base 8) to base 13.
-131a01
71158a (base 11) to base 9
2133276
Convert 221222021323 (base 4) to base 13.
235489c
What is -1010100100100101100011 (base 2) in base 8?
-12444543
What is -12132031444 (base 5) in base 16?
-daa989
Convert 122110030 (base 4) to base 5.
11422123
6b18 (base 14) to base 4
10203102
What is -311045 (base 9) in base 10?
-184478
201310112030 (base 4) to base 6
514002232
What is -123ad (base 15) in base 5?
-3330323
Convert -1010111010001100100 (base 2) to base 13.
-c6932
What is -a472a5 (base 12) in base 13?
-6c607a
Convert 760458 (base 12) to base 14.
3684cc
134524 (base 9) to base 6
1431551
What is -133121011 (base 4) in base 14?
-34c05
-29c332 (base 13) to base 11
-641295
-2020132241 (base 5) to base 13
-ac56c4
Convert 526544 (base 9) to base 12.
1312aa
Convert 4545255 (base 6) to base 13.
81707
Convert 303b6a4 (base 12) to base 6.
521432324
Convert -11224542 (base 6) to base 7.
-2640116
What is -2546562 (base 7) in base 8?
-1207024
What is 34435600 (base 8) in base 9?
15070281
552515253 (base 6) to base 5
10020314213
What is -5130020 (base 6) in base 13?
-8765a
77a29 (base 12) to base 6
3222453
What is 10af33 (base 16) in base 13?
2c38ca
100202221101 (base 4) to base 2
10000100010101001010001
Convert 11203122210 (base 4) to base 12.
5a2570
Convert 333384 (base 11) to base 16.
81c44
-323022312 (base 4) to base 16
-3b2b6
What is -3763848 (base 9) in base 12?
-82a35b
What is -2516236 (base 9) in base 4?
-11032102221
What is -28381361 (base 9) in base 7?
-230256433
112100100010012 (base 3) to base 15
a08e48
264178 (base 9) to base 4
213030110
155214134 (base 7) to base 10
10508222
Convert 80137 (base 13) to base 9.
377644
What is 200032201 (base 4) in base 14?
36169
Convert 11221212112202 (base 3) to base 8.
12032374
132073 (base 10) to base 2
100000001111101001
What is -46720 (base 13) in base 12?
-62537
-1133314 (base 7) to base 9
-236847
Convert -322144 (base 5) to base 11.
-8231
What is -233213213 (base 4) in base 15?
-3cbd2
What is 197c0 (base 15) in base 13?
2b88a
Convert -193568 (base 13) to base 16.
-9b3d8
What is -176fe (base 16) in base 11?
-66141
-395195 (base 12) to base 4
-3211333001
What is 43344 (base 10) in base 15?
cc99
Convert -52606453 (base 7) to base 2.
-10000111111111011010011
5215552 (base 7) to base 11
398575
What is 125140 (base 14) in base 6?
21250152
What is 98cb7 (base 14) in base 2?
1011010011000100001
-100579 (base 11) to base 10
-161742
What is -467507 (base 10) in base 2?
-1110010001000110011
What is 12120210111101 (base 3) in base 16?
2d4a38
240245 (base 10) to base 12
b7045
-56417 (base 8) to base 9
-35610
What is 1110010011101111 (base 2) in base 4?
32103233
What is -101011010100001111101 (base 2) in base 5?
-330410024
What is -1045625 (base 7) in base 12?
-62995
56a709 (base 12) to base 13
397347
What is -a442 (base 16) in base 5?
-2321200
Convert -634448 (base 11) to base 15.
-1510e4
What is -849190 (base 10) in base 13?
-2396a4
Convert -2221101100 (base 3) to base 6.
-1123530
What is -2021221112 (base 3) in base 8?
-130146
2636221 (base 8) to base 5
142031101
What is 762242 (base 8) in base 5?
31131023
121311212 (base 4) to base 15
21555
Convert 24340311 (base 5) to base 14.
60110
What is -1001000001100001 (base 2) in base 5?
-2140321
47310401 (base 8) to base 2
100111011001000100000001
3044133030 (base 5) to base 3
102202000100102
What is -2381351 (base 10) in base 5?
-1102200401
What is 322123132 (base 4) in base 15?
4ada1
580288 (base 9) to base 15
6d185
What is -1251365 (base 8) in base 7?
-2652152
What is -2142340231 (base 5) in base 12?
-168455a
What is -968903 (base 10) in base 13?
-27c020
What is -1e46e (base 15) in base 4?
-120020333
-300cc1 (base 15) to base 11
-1318832
What is -121004 (base 10) in base 2?
-11101100010101100
-163871 (base 10) to base 5
-20220441
83a37 (base 14) to base 5
40130234
Convert 251124325 (base 6) to base 9.
10051518
Convert 125293 (base 10) to base 4.
132211231
515b4b (base 15) to base 4
32300010221
-43b29 (base 14) to base 9
-270071
-95866 (base 10) to base 7
-546331
What is -1101001100010100100000 (base 2) in base 9?
-6450845
Convert 16044144 (base 7) to base 16.
17818e
Convert 4514160 (base 8) to base 5.
302444142
c2dd9 (base 16) to base 10
798169
What is 1002302141 (base 5) in base 9?
3668276
-21410154 (base 7) to base 12
-745730
-13505031 (base 7) to base 9
-2333443
-1290e (base 16) to base 9
-125275
Convert -3a840a8 (base 12) to base 7.
-200522135
Convert -11010111111100101 (base 2) to base 11.
-76084
Convert 1305347 (base 9) to base 3.
1100012101121
-10112111022012 (base 3) to base 9
-3474265
Convert 68519 (base 11) to base 8.
301457
Convert -12233020231 (base 4) to base 12.
-711b51
Convert 143325524 (base 6) to base 4.
23110033330
Convert -1010001101100000001 (base 2) to base 9.
-558870
Convert -11321123 (base 5) to base 16.
-1985a
Convert -1022002201211 (base 3) to base 4.
-2220223102
What is 422212001 (base 5) in base 13?
496a27
Convert 101022202000 (base 3) to base 6.
4204430
What is 6570166 (base 10) in base 11?
3788299
Convert 271480 (base 13) to base 5.
220223430
-b4d70 (base 14) to base 8
-1523746
1011100100111101011 (base 2) to base 13
1038a5
Convert 11110100101101100101100 (base 2) to base 16.
7a5b2c
1201a0 (base 14) to base 7
5140660
What is 213100003 (base 4) in base 16?
27403
25544415 (base 6) to base 13
2346c8
What is 1013426 (base 14) in base 11?
4305794
-1088423 (base 12) to base 11
-1872984
Convert 30423330 (base 5) to base 13.
891c4
1770024 (base 9) to base 13
288c43
-1101111010110100001010 (base 2) to base 16
-37ad0a
-84566 (base 10) to base 14
-22b66
What is -215143 (base 8) in base 2?
-10001101001100011
What is 6fdc0e (base 16) in base 7?
116211453
Convert 10f6a (base 16) to base 14.
1b470
Convert 11000012222 (base 3) to base 6.
1405125
23333043 (base 5) to base 8
64336